06235.
685
Calculate the greatest common factor of 20 and 5227070.
10
Calculate the greatest common factor of 2627408 and 140.
28
What is the greatest common divisor of 48 and 264336?
48
Calculate the greatest common factor of 5 and 76435.
5
What is the highest common divisor of 137897 and 5329?
73
What is the greatest common divisor of 60051 and 222?
111
Calculate the greatest common divisor of 798 and 27006.
42
Calculate the highest common factor of 10974093 and 1798.
899
Calculate the greatest common factor of 209 and 268660.
19
What is the greatest common divisor of 763880 and 104?
104
What is the greatest common divisor of 79145 and 2750?
55
Calculate the greatest common divisor of 3275297 and 103.
103
What is the greatest common divisor of 122 and 23363?
61
Calculate the greatest common factor of 20 and 52430.
10
What is the highest common divisor of 1120 and 419720?
280
Calculate the highest common factor of 16 and 90416.
16
What is the greatest common divisor of 3668 and 9?
1
What is the highest common divisor of 18 and 624126?
6
What is the greatest common factor of 2975 and 83725?
425
What is the greatest common factor of 114348 and 468?
156
Calculate the highest common factor of 2322481 and 1491.
497
Calculate the greatest common factor of 844 and 5114218.
422
Calculate the highest common divisor of 1620540 and 540.
540
Calculate the greatest common divisor of 441960 and 5.
5
What is the greatest common factor of 4930 and 1230?
10
Calculate the greatest common factor of 16089 and 465.
93
Calculate the highest common divisor of 43 and 1405025.
43
Calculate the greatest common factor of 135016 and 840.
56
What is the highest common divisor of 857298 and 379?
379
Calculate the greatest common factor of 176 and 828344.
88
What is the greatest common divisor of 196 and 3647854?
98
Calculate the highest common divisor of 78 and 30342.
78
Calculate the greatest common divisor of 325 and 119275.
325
Calculate the highest common divisor of 85827 and 357.
21
Calculate the greatest common factor of 10292 and 10106.
62
What is the greatest common factor of 16 and 938096?
16
Calculate the greatest common divisor of 13176 and 67588.
244
Calculate the highest common divisor of 5216088 and 72.
24
Calculate the highest common divisor of 1326 and 13974.
102
Calculate the greatest common factor of 62064 and 18.
18
Calculate the highest common factor of 361307 and 6877.
529
Calculate the greatest common divisor of 910 and 205135.
35
Calculate the greatest common factor of 33 and 242088.
33
Calculate the greatest common divisor of 3626 and 539.
49
What is the greatest common divisor of 16656 and 2856?
24
What is the greatest common divisor of 6954 and 17898?
114
Calculate the greatest common factor of 4884 and 1716.
132
What is the highest common divisor of 4976 and 1744?
16
What is the greatest common factor of 2664 and 50283?
333
What is the highest common factor of 30747 and 296?
37
What is the greatest common divisor of 1911765 and 1398?
699
Calculate the greatest common factor of 4968 and 1081.
23
What is the highest common divisor of 13168344 and 761?
761
What is the greatest common divisor of 143 and 19409?
13
Calculate the highest common factor of 2 and 10142.
2
What is the greatest common factor of 7 and 85757?
7
Calculate the highest common divisor of 313866 and 234.
18
Calculate the highest common factor of 1495 and 679055.
65
Calculate the greatest common divisor of 609 and 35217.
21
What is the highest common factor of 3190 and 485518?
638
What is the highest common factor of 324 and 21348?
36
What is the greatest common divisor of 21758 and 315964?
946
What is the greatest common divisor of 2560 and 2112?
64
What is the greatest common divisor of 48 and 32172?
12
Calculate the highest common divisor of 891 and 354.
3
What is the highest common divisor of 1244907 and 18?
9
What is the highest common divisor of 1121 and 11269?
59
Calculate the highest common divisor of 225 and 333.
9
Calculate the greatest common divisor of 627 and 11979.
33
Calculate the greatest common factor of 19370 and 1341.
149
What is the highest common factor of 31293 and 342?
171
What is the greatest common factor of 14625114 and 42?
42
Calculate the greatest common factor of 913 and 1034429.
913
Calculate the greatest common factor of 4608 and 52.
4
What is the greatest common divisor of 118575 and 425?
425
What is the highest common divisor of 2 and 616982?
2
Calculate the greatest common divisor of 103888 and 1849.
43
Calculate the greatest common factor of 130725 and 378.
63
Calculate the highest common factor of 19366 and 46.
46
Calculate the highest common factor of 2788170 and 11.
11
Calculate the greatest common factor of 60348 and 134796.
564
Calculate the greatest common factor of 77318 and 14874.
134
Calculate the greatest common factor of 45535 and 749.
7
What is the greatest common factor of 559027 and 49?
7
What is the greatest common divisor of 7929 and 423?
9
What is the highest common factor of 1260 and 576?
36
What is the highest common factor of 384128 and 128?
128
What is the highest common divisor of 2626 and 103424?
202
What is the greatest common divisor of 30461 and 11039?
83
Calculate the greatest common divisor of 128 and 738464.
32
Calculate the greatest common factor of 6388480 and 40.
40
What is the greatest common factor of 427 and 1123193?
61
Calculate the greatest common factor of 517 and 30832.
47
Calculate the highest common factor of 462 and 14154.
42
Calculate the greatest common factor of 360 and 21040.
40
What is the greatest common factor of 294 and 102900?
294
Calculate the highest common divisor of 3 and 36303.
3
Calculate the highest common divisor of 6265 and 3815.
35
Calculate the greatest common factor of 19 and 491720.
19
What is the highest common divisor of 8 and 210536?
8
What is the highest common factor of 19830 and 570?
30
What is the highest common divisor of 110891 and 17?
17
Calculate the greatest common divisor of 7526 and 426.
142
Calculate the highest common factor of 432 and 280134.
18
Calculate the highest common divisor of 200 and 30700.
100
What is the greatest common factor of 24869 and 52?
13
Calculate the greatest common factor of 812 and 365864.
116
What is the highest common factor of 8734 and 15730?
22
Calculate the greatest common divisor of 1579233 and 93.
93
What is the highest common divisor of 19 and 47063?
19
What is the highest common divisor of 34665 and 120?
15
Calculate the greatest common divisor of 68 and 15515492.
68
Calculate the highest common divisor of 480 and 4150.
10
What is the highest common factor of 33597 and 117?
9
Calculate the highest common divisor of 689 and 9593.
53
Calculate the highest common divisor of 14841 and 15453.
153
Calculate the highest common factor of 69237 and 126.
63
What is the highest common divisor of 528434 and 386?
386
What is the highest common factor of 6025 and 964?
241
What is the highest common factor of 2232 and 22599?
279
What is the highest common factor of 57280 and 20?
20
Calculate the highest common factor of 935 and 15.
5
Calculate the highest common factor of 110 and 1313290.
110
What is the highest common divisor of 4 and 2792?
4
What is the greatest common factor of 4826 and 42418?
254
What is the greatest common factor of 226800 and 25?
25
What is the greatest common divisor of 752470 and 2350?
470
What is the greatest common factor of 393 and 128773?
131
Calculate the highest common factor of 1044 and 28476.
36
What is the highest common divisor of 12 and 23478?
6
What is the highest common divisor of 1360528 and 208?
208
Calculate the highest common factor of 2455546 and 58.
58
What is the greatest common divisor of 180 and 31455?
45
What is the greatest common divisor of 1175 and 11515?
235
Calculate the greatest common factor of 2262432 and 96.
96
What is the greatest common divisor of 1638 and 2576028?
546
Calculate the greatest common factor of 1017605 and 813.
271
Calculate the highest common factor of 6 and 2342.
2
What is the greatest common divisor of 71292 and 260?
52
What is the highest common divisor of 896 and 37744?
112
Calculate the greatest common divisor of 4540 and 189772.
908
What is the greatest common factor 